{"id":12932,"date":"2018-07-16T14:03:59","date_gmt":"2018-07-16T17:03:59","guid":{"rendered":"https:\/\/blogbringit.com.br\/?page_id=12932"},"modified":"2023-08-25T13:50:33","modified_gmt":"2023-08-25T16:50:33","slug":"fale-conosco","status":"publish","type":"page","link":"https:\/\/bringit.com.br\/blog\/fale-conosco\/","title":{"rendered":"Fale conosco"},"content":{"rendered":"<p>[contact-form-7 id=&#8221;11603&#8243; title=&#8221;SIDE FORM&#8221;]<\/p>\n\n\n\n<p><\/p>\n","protected":false},"excerpt":{"rendered":"","protected":false},"author":53,"featured_media":0,"parent":0,"menu_order":0,"comment_status":"closed","ping_status":"closed","template":"","meta":{"footnotes":""},"class_list":["post-12932","page","type-page","status-publish","hentry"],"yoast_head":"<!-- This site is optimized with the Yoast SEO plugin v27.4 - https:\/\/yoast.com\/product\/yoast-seo-wordpress\/ -->\n<title>Fale conosco - Blog bringIT<\/title>\n<meta name=\"description\" content=\"Envie sua mensagem com d\u00favidas, sugest\u00f5es e outros coment\u00e1rios. Estamos aqui para te ajudar a conhecer mais o mundo da tecnologia!\" \/>\n<meta name=\"robots\" content=\"index, follow, max-snippet:-1, max-image-preview:large, max-video-preview:-1\" \/>\n<link rel=\"canonical\" href=\"https:\/\/bringit.com.br\/blog\/fale-conosco\/\" \/>\n<meta property=\"og:locale\" content=\"pt_BR\" \/>\n<meta property=\"og:type\" content=\"article\" \/>\n<meta property=\"og:title\" content=\"Fale conosco - Blog bringIT\" \/>\n<meta property=\"og:description\" content=\"Envie sua mensagem com d\u00favidas, sugest\u00f5es e outros coment\u00e1rios. Estamos aqui para te ajudar a conhecer mais o mundo da tecnologia!\" \/>\n<meta property=\"og:url\" content=\"https:\/\/bringit.com.br\/blog\/fale-conosco\/\" \/>\n<meta property=\"og:site_name\" content=\"Blog bringIT\" \/>\n<meta property=\"article:publisher\" content=\"https:\/\/www.facebook.com\/bringit.br\/\" \/>\n<meta property=\"article:modified_time\" content=\"2023-08-25T16:50:33+00:00\" \/>\n<script type=\"application\/ld+json\" class=\"yoast-schema-graph\">{\"@context\":\"https:\\\/\\\/schema.org\",\"@graph\":[{\"@type\":\"WebPage\",\"@id\":\"https:\\\/\\\/bringit.com.br\\\/blog\\\/fale-conosco\\\/\",\"url\":\"https:\\\/\\\/bringit.com.br\\\/blog\\\/fale-conosco\\\/\",\"name\":\"Fale conosco - Blog bringIT\",\"isPartOf\":{\"@id\":\"https:\\\/\\\/bringit.com.br\\\/blog\\\/#website\"},\"datePublished\":\"2018-07-16T17:03:59+00:00\",\"dateModified\":\"2023-08-25T16:50:33+00:00\",\"description\":\"Envie sua mensagem com d\u00favidas, sugest\u00f5es e outros coment\u00e1rios. Estamos aqui para te ajudar a conhecer mais o mundo da tecnologia!\",\"breadcrumb\":{\"@id\":\"https:\\\/\\\/bringit.com.br\\\/blog\\\/fale-conosco\\\/#breadcrumb\"},\"inLanguage\":\"pt-BR\",\"potentialAction\":[{\"@type\":\"ReadAction\",\"target\":[\"https:\\\/\\\/bringit.com.br\\\/blog\\\/fale-conosco\\\/\"]}]},{\"@type\":\"BreadcrumbList\",\"@id\":\"https:\\\/\\\/bringit.com.br\\\/blog\\\/fale-conosco\\\/#breadcrumb\",\"itemListElement\":[{\"@type\":\"ListItem\",\"position\":1,\"name\":\"In\u00edcio\",\"item\":\"https:\\\/\\\/bringit.com.br\\\/blog\\\/\"},{\"@type\":\"ListItem\",\"position\":2,\"name\":\"Fale conosco\"}]},{\"@type\":\"WebSite\",\"@id\":\"https:\\\/\\\/bringit.com.br\\\/blog\\\/#website\",\"url\":\"https:\\\/\\\/bringit.com.br\\\/blog\\\/\",\"name\":\"Blog bringIT\",\"description\":\"Novidades em notebooks e tecnologia\",\"publisher\":{\"@id\":\"https:\\\/\\\/bringit.com.br\\\/blog\\\/#organization\"},\"potentialAction\":[{\"@type\":\"SearchAction\",\"target\":{\"@type\":\"EntryPoint\",\"urlTemplate\":\"https:\\\/\\\/bringit.com.br\\\/blog\\\/?s={search_term_string}\"},\"query-input\":{\"@type\":\"PropertyValueSpecification\",\"valueRequired\":true,\"valueName\":\"search_term_string\"}}],\"inLanguage\":\"pt-BR\"},{\"@type\":\"Organization\",\"@id\":\"https:\\\/\\\/bringit.com.br\\\/blog\\\/#organization\",\"name\":\"Blog bringIT\",\"url\":\"https:\\\/\\\/bringit.com.br\\\/blog\\\/\",\"logo\":{\"@type\":\"ImageObject\",\"inLanguage\":\"pt-BR\",\"@id\":\"https:\\\/\\\/bringit.com.br\\\/blog\\\/#\\\/schema\\\/logo\\\/image\\\/\",\"url\":\"https:\\\/\\\/bringit.com.br\\\/blog\\\/wp-content\\\/uploads\\\/2023\\\/08\\\/01.png\",\"contentUrl\":\"https:\\\/\\\/bringit.com.br\\\/blog\\\/wp-content\\\/uploads\\\/2023\\\/08\\\/01.png\",\"width\":878,\"height\":138,\"caption\":\"Blog bringIT\"},\"image\":{\"@id\":\"https:\\\/\\\/bringit.com.br\\\/blog\\\/#\\\/schema\\\/logo\\\/image\\\/\"},\"sameAs\":[\"https:\\\/\\\/www.facebook.com\\\/bringit.br\\\/\",\"https:\\\/\\\/www.instagram.com\\\/bringit.br\\\/\",\"https:\\\/\\\/br.linkedin.com\\\/company\\\/bringit-br\",\"https:\\\/\\\/www.youtube.com\\\/user\\\/bringitce\"]}]}<\/script>\n<!-- \/ Yoast SEO plugin. -->","yoast_head_json":{"title":"Fale conosco - Blog bringIT","description":"Envie sua mensagem com d\u00favidas, sugest\u00f5es e outros coment\u00e1rios. Estamos aqui para te ajudar a conhecer mais o mundo da tecnologia!","robots":{"index":"index","follow":"follow","max-snippet":"max-snippet:-1","max-image-preview":"max-image-preview:large","max-video-preview":"max-video-preview:-1"},"canonical":"https:\/\/bringit.com.br\/blog\/fale-conosco\/","og_locale":"pt_BR","og_type":"article","og_title":"Fale conosco - Blog bringIT","og_description":"Envie sua mensagem com d\u00favidas, sugest\u00f5es e outros coment\u00e1rios. Estamos aqui para te ajudar a conhecer mais o mundo da tecnologia!","og_url":"https:\/\/bringit.com.br\/blog\/fale-conosco\/","og_site_name":"Blog bringIT","article_publisher":"https:\/\/www.facebook.com\/bringit.br\/","article_modified_time":"2023-08-25T16:50:33+00:00","schema":{"@context":"https:\/\/schema.org","@graph":[{"@type":"WebPage","@id":"https:\/\/bringit.com.br\/blog\/fale-conosco\/","url":"https:\/\/bringit.com.br\/blog\/fale-conosco\/","name":"Fale conosco - Blog bringIT","isPartOf":{"@id":"https:\/\/bringit.com.br\/blog\/#website"},"datePublished":"2018-07-16T17:03:59+00:00","dateModified":"2023-08-25T16:50:33+00:00","description":"Envie sua mensagem com d\u00favidas, sugest\u00f5es e outros coment\u00e1rios. Estamos aqui para te ajudar a conhecer mais o mundo da tecnologia!","breadcrumb":{"@id":"https:\/\/bringit.com.br\/blog\/fale-conosco\/#breadcrumb"},"inLanguage":"pt-BR","potentialAction":[{"@type":"ReadAction","target":["https:\/\/bringit.com.br\/blog\/fale-conosco\/"]}]},{"@type":"BreadcrumbList","@id":"https:\/\/bringit.com.br\/blog\/fale-conosco\/#breadcrumb","itemListElement":[{"@type":"ListItem","position":1,"name":"In\u00edcio","item":"https:\/\/bringit.com.br\/blog\/"},{"@type":"ListItem","position":2,"name":"Fale conosco"}]},{"@type":"WebSite","@id":"https:\/\/bringit.com.br\/blog\/#website","url":"https:\/\/bringit.com.br\/blog\/","name":"Blog bringIT","description":"Novidades em notebooks e tecnologia","publisher":{"@id":"https:\/\/bringit.com.br\/blog\/#organization"},"potentialAction":[{"@type":"SearchAction","target":{"@type":"EntryPoint","urlTemplate":"https:\/\/bringit.com.br\/blog\/?s={search_term_string}"},"query-input":{"@type":"PropertyValueSpecification","valueRequired":true,"valueName":"search_term_string"}}],"inLanguage":"pt-BR"},{"@type":"Organization","@id":"https:\/\/bringit.com.br\/blog\/#organization","name":"Blog bringIT","url":"https:\/\/bringit.com.br\/blog\/","logo":{"@type":"ImageObject","inLanguage":"pt-BR","@id":"https:\/\/bringit.com.br\/blog\/#\/schema\/logo\/image\/","url":"https:\/\/bringit.com.br\/blog\/wp-content\/uploads\/2023\/08\/01.png","contentUrl":"https:\/\/bringit.com.br\/blog\/wp-content\/uploads\/2023\/08\/01.png","width":878,"height":138,"caption":"Blog bringIT"},"image":{"@id":"https:\/\/bringit.com.br\/blog\/#\/schema\/logo\/image\/"},"sameAs":["https:\/\/www.facebook.com\/bringit.br\/","https:\/\/www.instagram.com\/bringit.br\/","https:\/\/br.linkedin.com\/company\/bringit-br","https:\/\/www.youtube.com\/user\/bringitce"]}]}},"_links":{"self":[{"href":"https:\/\/bringit.com.br\/blog\/wp-json\/wp\/v2\/pages\/12932","targetHints":{"allow":["GET"]}}],"collection":[{"href":"https:\/\/bringit.com.br\/blog\/wp-json\/wp\/v2\/pages"}],"about":[{"href":"https:\/\/bringit.com.br\/blog\/wp-json\/wp\/v2\/types\/page"}],"author":[{"embeddable":true,"href":"https:\/\/bringit.com.br\/blog\/wp-json\/wp\/v2\/users\/53"}],"replies":[{"embeddable":true,"href":"https:\/\/bringit.com.br\/blog\/wp-json\/wp\/v2\/comments?post=12932"}],"version-history":[{"count":4,"href":"https:\/\/bringit.com.br\/blog\/wp-json\/wp\/v2\/pages\/12932\/revisions"}],"predecessor-version":[{"id":13678,"href":"https:\/\/bringit.com.br\/blog\/wp-json\/wp\/v2\/pages\/12932\/revisions\/13678"}],"wp:attachment":[{"href":"https:\/\/bringit.com.br\/blog\/wp-json\/wp\/v2\/media?parent=12932"}],"curies":[{"name":"wp","href":"https:\/\/api.w.org\/{rel}","templated":true}]}}